{"id":1231,"date":"2022-03-29T13:28:16","date_gmt":"2022-03-29T13:28:16","guid":{"rendered":"https:\/\/stupefied-swanson.116-202-61-150.plesk.page\/?page_id=1231"},"modified":"2023-03-06T16:34:27","modified_gmt":"2023-03-06T16:34:27","slug":"erstellen-von-brandschutzordnungen","status":"publish","type":"page","link":"https:\/\/www.mpbrandschutz.de\/?page_id=1231","title":{"rendered":"Erstellen von Brandschutzordnungen"},"content":{"rendered":"\t\t<div data-elementor-type=\"wp-page\" data-elementor-id=\"1231\" class=\"elementor elementor-1231\" data-elementor-post-type=\"page\">\n\t\t\t\t\t\t<section class=\"has_eae_slider elementor-section elementor-top-section elementor-element elementor-element-7e7a91f elementor-section-boxed elementor-section-height-default elementor-section-height-default\" data-eae-slider=\"24101\" data-id=\"7e7a91f\" data-element_type=\"section\" data-e-type=\"section\" data-settings=\"{&quot;background_background&quot;:&quot;classic&quot;}\">\n\t\t\t\t\t\t<div class=\"elementor-container elementor-column-gap-default\">\n\t\t\t\t\t<div class=\"has_eae_slider elementor-column elementor-col-100 elementor-top-column elementor-element elementor-element-efbacd6\" data-eae-slider=\"26678\" data-id=\"efbacd6\" data-element_type=\"column\" data-e-type=\"column\">\n\t\t\t<div class=\"elementor-widget-wrap elementor-element-populated\">\n\t\t\t\t\t\t<div class=\"elementor-element elementor-element-7ff8bff elementor-widget elementor-widget-spacer\" data-id=\"7ff8bff\" data-element_type=\"widget\" data-e-type=\"widget\" data-widget_type=\"spacer.default\">\n\t\t\t\t<div class=\"elementor-widget-container\">\n\t\t\t\t\t\t\t<div class=\"elementor-spacer\">\n\t\t\t<div class=\"elementor-spacer-inner\"><\/div>\n\t\t<\/div>\n\t\t\t\t\t\t<\/div>\n\t\t\t\t<\/div>\n\t\t\t\t\t<\/div>\n\t\t<\/div>\n\t\t\t\t\t<\/div>\n\t\t<\/section>\n\t\t\t\t<section class=\"has_eae_slider elementor-section elementor-top-section elementor-element elementor-element-cde61ae elementor-section-boxed elementor-section-height-default elementor-section-height-default\" data-eae-slider=\"99833\" data-id=\"cde61ae\" data-element_type=\"section\" data-e-type=\"section\" data-settings=\"{&quot;background_background&quot;:&quot;classic&quot;}\">\n\t\t\t\t\t\t<div class=\"elementor-container elementor-column-gap-default\">\n\t\t\t\t\t<div class=\"has_eae_slider elementor-column elementor-col-50 elementor-top-column elementor-element elementor-element-3ad2734\" data-eae-slider=\"76948\" data-id=\"3ad2734\" data-element_type=\"column\" data-e-type=\"column\">\n\t\t\t<div class=\"elementor-widget-wrap elementor-element-populated\">\n\t\t\t\t\t\t<div class=\"elementor-element elementor-element-3ddb3c7 elementor-widget elementor-widget-heading\" data-id=\"3ddb3c7\" data-element_type=\"widget\" data-e-type=\"widget\" data-widget_type=\"heading.default\">\n\t\t\t\t<div class=\"elementor-widget-container\">\n\t\t\t\t\t<h3 class=\"elementor-heading-title elementor-size-default\">Erstellen von Brandschutzordnungen<\/h3>\t\t\t\t<\/div>\n\t\t\t\t<\/div>\n\t\t\t\t<div class=\"elementor-element elementor-element-aec8d0c elementor-widget elementor-widget-heading\" data-id=\"aec8d0c\" data-element_type=\"widget\" data-e-type=\"widget\" data-widget_type=\"heading.default\">\n\t\t\t\t<div class=\"elementor-widget-container\">\n\t\t\t\t\t<h4 class=\"elementor-heading-title elementor-size-default\">Schutzziele einer Brandschutzordnung<\/h4>\t\t\t\t<\/div>\n\t\t\t\t<\/div>\n\t\t\t\t<div class=\"elementor-element elementor-element-a8905c0 elementor-widget elementor-widget-text-editor\" data-id=\"a8905c0\" data-element_type=\"widget\" data-e-type=\"widget\" data-widget_type=\"text-editor.default\">\n\t\t\t\t<div class=\"elementor-widget-container\">\n\t\t\t\t\t\t\t\t\t<p>Eine Brandschutzordnung soll dazu beitragen, die Entstehung von Br\u00e4nden in den einzelnen Bereichen zu verhindern bzw. deren Auswirkungen und Sch\u00e4den zu begrenzen.\u00a0 \u00a0Sie soll Mitarbeitern helfen, dass es im Betrieb niemals zu einem Brand kommt und dient als Unterst\u00fctzung der\u00a0 Brandverh\u00fctung durch strikte Beachtung, der in einer Brandschutzordnung festgelegten Vorgaben.<\/p>\t\t\t\t\t\t\t\t<\/div>\n\t\t\t\t<\/div>\n\t\t\t\t\t<\/div>\n\t\t<\/div>\n\t\t\t\t<div class=\"has_eae_slider elementor-column elementor-col-50 elementor-top-column elementor-element elementor-element-bd6e208\" data-eae-slider=\"86927\" data-id=\"bd6e208\" data-element_type=\"column\" data-e-type=\"column\">\n\t\t\t<div class=\"elementor-widget-wrap elementor-element-populated\">\n\t\t\t\t\t\t<div class=\"elementor-element elementor-element-7684f1c elementor-widget elementor-widget-image\" data-id=\"7684f1c\" data-element_type=\"widget\" data-e-type=\"widget\" data-widget_type=\"image.default\">\n\t\t\t\t<div class=\"elementor-widget-container\">\n\t\t\t\t\t\t\t\t\t\t\t\t\t\t\t<img fetchpriority=\"high\" decoding=\"async\" width=\"1024\" height=\"768\" src=\"https:\/\/www.mpbrandschutz.de\/wp-content\/uploads\/2022\/03\/blueprints-entrepreneur-hands-1837238-1024x768.jpg\" class=\"attachment-large size-large wp-image-1441\" alt=\"blueprints, entrepreneur, hands-1837238.jpg\" srcset=\"https:\/\/www.mpbrandschutz.de\/wp-content\/uploads\/2022\/03\/blueprints-entrepreneur-hands-1837238-1024x768.jpg 1024w, https:\/\/www.mpbrandschutz.de\/wp-content\/uploads\/2022\/03\/blueprints-entrepreneur-hands-1837238-300x225.jpg 300w, https:\/\/www.mpbrandschutz.de\/wp-content\/uploads\/2022\/03\/blueprints-entrepreneur-hands-1837238-768x576.jpg 768w, https:\/\/www.mpbrandschutz.de\/wp-content\/uploads\/2022\/03\/blueprints-entrepreneur-hands-1837238.jpg 1280w\" sizes=\"(max-width: 1024px) 100vw, 1024px\" \/>\t\t\t\t\t\t\t\t\t\t\t\t\t\t\t<\/div>\n\t\t\t\t<\/div>\n\t\t\t\t\t<\/div>\n\t\t<\/div>\n\t\t\t\t\t<\/div>\n\t\t<\/section>\n\t\t\t\t<section class=\"has_eae_slider elementor-section elementor-top-section elementor-element elementor-element-7845c6b elementor-section-boxed elementor-section-height-default elementor-section-height-default\" data-eae-slider=\"4018\" data-id=\"7845c6b\" data-element_type=\"section\" data-e-type=\"section\" data-settings=\"{&quot;background_background&quot;:&quot;classic&quot;}\">\n\t\t\t\t\t\t<div class=\"elementor-container elementor-column-gap-default\">\n\t\t\t\t\t<div class=\"has_eae_slider elementor-column elementor-col-100 elementor-top-column elementor-element elementor-element-9a16fc7\" data-eae-slider=\"7102\" data-id=\"9a16fc7\" data-element_type=\"column\" data-e-type=\"column\">\n\t\t\t<div class=\"elementor-widget-wrap elementor-element-populated\">\n\t\t\t\t\t\t<div class=\"elementor-element elementor-element-8936c20 elementor-widget elementor-widget-text-editor\" data-id=\"8936c20\" data-element_type=\"widget\" data-e-type=\"widget\" data-widget_type=\"text-editor.default\">\n\t\t\t\t<div class=\"elementor-widget-container\">\n\t\t\t\t\t\t\t\t\t<p>Beispiel: Wir erstellen nach der Vorgabe Ihres Brandschutzkonzeptes und unserer Begehung alle drei Teile der Brandschutzordnung. Sie erhalten alles in digitaler Form und jeweils einen Ausdruck. Alles zusammen kostet 680,00 \u20ac zzgl. MwSt. In dem Preis sind s\u00e4mtliche Kosten, wie z.B. Anfahrt, Begehung usw. enthalten, es kommen keine weiteren Kosten auf Sie zu.<\/p><p style=\"font-weight: 300;\"><span style=\"font-style: inherit; font-weight: inherit;\"><strong>Allgemeine Erl\u00e4uterung zur Brandschutzordnung<\/strong><\/span><\/p><p style=\"font-weight: 300;\"><span style=\"font-style: inherit; font-weight: inherit; color: var(--ast-global-color-3);\">Der\u00a0<\/span><strong style=\"font-style: inherit; color: var(--ast-global-color-3);\">Teil A<\/strong><span style=\"font-style: inherit; font-weight: inherit; color: var(--ast-global-color-3);\">\u00a0ist als Aushang bestimmt und regelt nur das Notwendigste und gilt f\u00fcr alle Besch\u00e4ftigten, externe Firmen und Besucher gleicherma\u00dfen.<\/span><\/p><p style=\"font-weight: 300;\"><span style=\"font-style: inherit; font-weight: inherit;\">Der\u00a0<strong>Teil B\u00a0<\/strong>richtet sich an alle Besch\u00e4ftigten des Standortes. Weiterhin gilt die Brandschutzordnung f\u00fcr alle Personen, die sich nicht nur vor\u00fcbergehend hier aufhalten. Dies sind beispielsweise auftragsausf\u00fchrende Firmen und Handwerker.\u00a0<\/span><\/p><p style=\"font-weight: 300;\"><span style=\"font-style: inherit; font-weight: inherit;\">Die jeweils aktuelle Version sollte in Form von Merkblatt, Brosch\u00fcre oder in elektronischer Form zur Verf\u00fcgung \u00a0gestellt werden. Die Aush\u00e4ndigung der BSO Teil B an die Empf\u00e4nger ist schriftlich zu dokumentieren.<\/span><\/p><p style=\"font-weight: 300;\"><span style=\"font-style: inherit; font-weight: inherit;\">Der Inhalt muss in Abschnitte mit den \u00dcberschriften in nachfolgender Reihenfolge (a-m) gegliedert sein:<\/span><\/p><ol><li style=\"font-weight: 300;\"><span style=\"font-style: inherit; font-weight: inherit;\">a) Einleitung<\/span><\/li><li style=\"font-weight: 300;\"><span style=\"font-style: inherit; font-weight: inherit;\">b) BSO Teil A<\/span><\/li><li style=\"font-weight: 300;\"><span style=\"font-style: inherit; font-weight: inherit;\">c) Brandverh\u00fctung<\/span><\/li><li style=\"font-weight: 300;\"><span style=\"font-style: inherit; font-weight: inherit;\">d) Brand- und Rauchausbreitung<\/span><\/li><li style=\"font-weight: 300;\"><span style=\"font-style: inherit; font-weight: inherit;\">e) Flucht- und Rettungswege<\/span><\/li><li style=\"font-weight: 300;\"><span style=\"font-style: inherit; font-weight: inherit;\">f) Melde- und \u00a0L\u00f6scheinheiten<\/span><\/li><li style=\"font-weight: 300;\"><span style=\"font-style: inherit; font-weight: inherit;\">g) Verhalten im Brandfall<\/span><\/li><li style=\"font-weight: 300;\"><span style=\"font-style: inherit; font-weight: inherit;\">h) Brand melden<\/span><\/li><li style=\"font-weight: 300;\"><span style=\"font-style: inherit; font-weight: inherit;\">i) Alarmsignale und Anweisungen beachten<\/span><\/li><li style=\"font-weight: 300;\"><span style=\"font-style: inherit; font-weight: inherit;\">j) In Sicherheit bringen<\/span><\/li><li style=\"font-weight: 300;\"><span style=\"font-style: inherit; font-weight: inherit;\">k) L\u00f6schversuche unternehmen<\/span><\/li><li style=\"font-weight: 300;\"><span style=\"font-style: inherit; font-weight: inherit;\">l) Besondere Verhaltensregeln<\/span><\/li><li style=\"font-weight: 300;\"><span style=\"font-style: inherit; font-weight: inherit;\">m) Anhang<br \/><\/span><span style=\"font-style: inherit; font-weight: inherit;\">Zus\u00e4tzliche Abschnitte sind nicht zul\u00e4ssig, nicht treffendes kann entfallen.<\/span><\/li><\/ol><p style=\"font-weight: 300;\"><span style=\"font-style: inherit; font-weight: inherit;\">Im\u00a0<strong>Teil C<\/strong>\u00a0werden spezielle Hinweise f\u00fcr die Brandverh\u00fctung, Brandmeldungen und Brandbek\u00e4mpfungen des Betriebes gegeben. Dieser Teil der Brandschutzordnung gilt f\u00fcr Personen, welche in einem Brandfall besondere Aufgaben haben, diese sind z. B. Brandschutzhelfer.\u00a0<\/span><span style=\"font-style: inherit; font-weight: inherit;\">Die aktuelle BSO Teil C muss den Personen mit besonderen Brandschutzaufgaben mind. in Papierform\u00a0\u00fcbergeben werden.<\/span><\/p><p style=\"font-weight: 300;\"><span style=\"font-style: inherit; font-weight: inherit;\"><strong>Schutzziele einer Brandschutzordnung<\/strong><\/span><\/p><p style=\"font-weight: 300;\"><span style=\"font-style: inherit; font-weight: inherit;\">Eine Brandschutzordnung soll dazu beitragen, die Entstehung von Br\u00e4nden in den einzelnen Bereichen zu verhindern bzw. deren Auswirkungen und Sch\u00e4den zu begrenzen.\u00a0<\/span><\/p><p style=\"font-weight: 300;\"><span style=\"font-style: inherit; font-weight: inherit;\">Sie soll Mitarbeitern helfen, dass es im Betrieb niemals zu einem Brand kommt und dient als Unterst\u00fctzung der \u00a0Brandverh\u00fctung durch strikte Beachtung, der in einer Brandschutzordnung festgelegten Vorgaben.<\/span><\/p>\t\t\t\t\t\t\t\t<\/div>\n\t\t\t\t<\/div>\n\t\t\t\t<div class=\"elementor-element elementor-element-6f60016 elementor-widget elementor-widget-spacer\" data-id=\"6f60016\" data-element_type=\"widget\" data-e-type=\"widget\" data-widget_type=\"spacer.default\">\n\t\t\t\t<div class=\"elementor-widget-container\">\n\t\t\t\t\t\t\t<div class=\"elementor-spacer\">\n\t\t\t<div class=\"elementor-spacer-inner\"><\/div>\n\t\t<\/div>\n\t\t\t\t\t\t<\/div>\n\t\t\t\t<\/div>\n\t\t\t\t\t<\/div>\n\t\t<\/div>\n\t\t\t\t\t<\/div>\n\t\t<\/section>\n\t\t\t\t<\/div>\n\t\t","protected":false},"excerpt":{"rendered":"<p>Erstellen von Brandschutzordnungen Schutzziele einer Brandschutzordnung Eine Brandschutzordnung soll dazu beitragen, die Entstehung von Br\u00e4nden in den einzelnen Bereichen zu verhindern bzw. deren Auswirkungen und Sch\u00e4den zu begrenzen.\u00a0 \u00a0Sie soll Mitarbeitern helfen, dass es im Betrieb niemals zu einem Brand kommt und dient als Unterst\u00fctzung der\u00a0 Brandverh\u00fctung durch strikte Beachtung, der in einer Brandschutzordnung festgelegten [&hellip;]<\/p>\n","protected":false},"author":2,"featured_media":0,"parent":0,"menu_order":0,"comment_status":"closed","ping_status":"closed","template":"","meta":{"site-sidebar-layout":"no-sidebar","site-content-layout":"page-builder","ast-site-content-layout":"default","site-content-style":"default","site-sidebar-style":"default","ast-global-header-display":"","ast-banner-title-visibility":"","ast-main-header-display":"","ast-hfb-above-header-display":"","ast-hfb-below-header-display":"","ast-hfb-mobile-header-display":"","site-post-title":"disabled","ast-breadcrumbs-content":"","ast-featured-img":"disabled","footer-sml-layout":"","ast-disable-related-posts":"","theme-transparent-header-meta":"","adv-header-id-meta":"","stick-header-meta":"","header-above-stick-meta":"","header-main-stick-meta":"","header-below-stick-meta":"","astra-migrate-meta-layouts":"default","ast-page-background-enabled":"default","ast-page-background-meta":{"desktop":{"background-color":"","background-image":"","background-repeat":"repeat","background-position":"center center","background-size":"auto","background-attachment":"scroll","background-type":"","background-media":"","overlay-type":"","overlay-color":"","overlay-opacity":"","overlay-gradient":""},"tablet":{"background-color":"","background-image":"","background-repeat":"repeat","background-position":"center center","background-size":"auto","background-attachment":"scroll","background-type":"","background-media":"","overlay-type":"","overlay-color":"","overlay-opacity":"","overlay-gradient":""},"mobile":{"background-color":"","background-image":"","background-repeat":"repeat","background-position":"center center","background-size":"auto","background-attachment":"scroll","background-type":"","background-media":"","overlay-type":"","overlay-color":"","overlay-opacity":"","overlay-gradient":""}},"ast-content-background-meta":{"desktop":{"background-color":"var(--ast-global-color-5)","background-image":"","background-repeat":"repeat","background-position":"center center","background-size":"auto","background-attachment":"scroll","background-type":"","background-media":"","overlay-type":"","overlay-color":"","overlay-opacity":"","overlay-gradient":""},"tablet":{"background-color":"var(--ast-global-color-5)","background-image":"","background-repeat":"repeat","background-position":"center center","background-size":"auto","background-attachment":"scroll","background-type":"","background-media":"","overlay-type":"","overlay-color":"","overlay-opacity":"","overlay-gradient":""},"mobile":{"background-color":"var(--ast-global-color-5)","background-image":"","background-repeat":"repeat","background-position":"center center","background-size":"auto","background-attachment":"scroll","background-type":"","background-media":"","overlay-type":"","overlay-color":"","overlay-opacity":"","overlay-gradient":""}},"footnotes":""},"class_list":["post-1231","page","type-page","status-publish","hentry"],"yoast_head":"<!-- This site is optimized with the Yoast SEO plugin v27.5 - https:\/\/yoast.com\/product\/yoast-seo-wordpress\/ -->\n<title>Erstellen von Brandschutzordnungen - Security Services<\/title>\n<meta name=\"robots\" content=\"index, follow, max-snippet:-1, max-image-preview:large, max-video-preview:-1\" \/>\n<link rel=\"canonical\" href=\"https:\/\/www.mpbrandschutz.de\/?page_id=1231\" \/>\n<meta property=\"og:locale\" content=\"de_DE\" \/>\n<meta property=\"og:type\" content=\"article\" \/>\n<meta property=\"og:title\" content=\"Erstellen von Brandschutzordnungen - Security Services\" \/>\n<meta property=\"og:description\" content=\"Erstellen von Brandschutzordnungen Schutzziele einer Brandschutzordnung Eine Brandschutzordnung soll dazu beitragen, die Entstehung von Br\u00e4nden in den einzelnen Bereichen zu verhindern bzw. deren Auswirkungen und Sch\u00e4den zu begrenzen.\u00a0 \u00a0Sie soll Mitarbeitern helfen, dass es im Betrieb niemals zu einem Brand kommt und dient als Unterst\u00fctzung der\u00a0 Brandverh\u00fctung durch strikte Beachtung, der in einer Brandschutzordnung festgelegten [&hellip;]\" \/>\n<meta property=\"og:url\" content=\"https:\/\/www.mpbrandschutz.de\/?page_id=1231\" \/>\n<meta property=\"og:site_name\" content=\"Security Services\" \/>\n<meta property=\"article:modified_time\" content=\"2023-03-06T16:34:27+00:00\" \/>\n<meta property=\"og:image\" content=\"https:\/\/www.mpbrandschutz.de\/wp-content\/uploads\/2022\/03\/blueprints-entrepreneur-hands-1837238-1024x768.jpg\" \/>\n<meta name=\"twitter:card\" content=\"summary_large_image\" \/>\n<meta name=\"twitter:label1\" content=\"Gesch\u00e4tzte Lesezeit\" \/>\n\t<meta name=\"twitter:data1\" content=\"3\u00a0Minuten\" \/>\n<script type=\"application\/ld+json\" class=\"yoast-schema-graph\">{\"@context\":\"https:\\\/\\\/schema.org\",\"@graph\":[{\"@type\":\"WebPage\",\"@id\":\"https:\\\/\\\/www.mpbrandschutz.de\\\/?page_id=1231\",\"url\":\"https:\\\/\\\/www.mpbrandschutz.de\\\/?page_id=1231\",\"name\":\"Erstellen von Brandschutzordnungen - Security Services\",\"isPartOf\":{\"@id\":\"https:\\\/\\\/www.mpbrandschutz.de\\\/#website\"},\"primaryImageOfPage\":{\"@id\":\"https:\\\/\\\/www.mpbrandschutz.de\\\/?page_id=1231#primaryimage\"},\"image\":{\"@id\":\"https:\\\/\\\/www.mpbrandschutz.de\\\/?page_id=1231#primaryimage\"},\"thumbnailUrl\":\"https:\\\/\\\/www.mpbrandschutz.de\\\/wp-content\\\/uploads\\\/2022\\\/03\\\/blueprints-entrepreneur-hands-1837238-1024x768.jpg\",\"datePublished\":\"2022-03-29T13:28:16+00:00\",\"dateModified\":\"2023-03-06T16:34:27+00:00\",\"breadcrumb\":{\"@id\":\"https:\\\/\\\/www.mpbrandschutz.de\\\/?page_id=1231#breadcrumb\"},\"inLanguage\":\"de\",\"potentialAction\":[{\"@type\":\"ReadAction\",\"target\":[\"https:\\\/\\\/www.mpbrandschutz.de\\\/?page_id=1231\"]}]},{\"@type\":\"ImageObject\",\"inLanguage\":\"de\",\"@id\":\"https:\\\/\\\/www.mpbrandschutz.de\\\/?page_id=1231#primaryimage\",\"url\":\"https:\\\/\\\/www.mpbrandschutz.de\\\/wp-content\\\/uploads\\\/2022\\\/03\\\/blueprints-entrepreneur-hands-1837238.jpg\",\"contentUrl\":\"https:\\\/\\\/www.mpbrandschutz.de\\\/wp-content\\\/uploads\\\/2022\\\/03\\\/blueprints-entrepreneur-hands-1837238.jpg\",\"width\":1280,\"height\":960,\"caption\":\"blueprints, entrepreneur, hands-1837238.jpg\"},{\"@type\":\"BreadcrumbList\",\"@id\":\"https:\\\/\\\/www.mpbrandschutz.de\\\/?page_id=1231#breadcrumb\",\"itemListElement\":[{\"@type\":\"ListItem\",\"position\":1,\"name\":\"Startseite\",\"item\":\"https:\\\/\\\/www.mpbrandschutz.de\\\/\"},{\"@type\":\"ListItem\",\"position\":2,\"name\":\"Erstellen von Brandschutzordnungen\"}]},{\"@type\":\"WebSite\",\"@id\":\"https:\\\/\\\/www.mpbrandschutz.de\\\/#website\",\"url\":\"https:\\\/\\\/www.mpbrandschutz.de\\\/\",\"name\":\"Security Services\",\"description\":\"Your Trusted Security Services\",\"publisher\":{\"@id\":\"https:\\\/\\\/www.mpbrandschutz.de\\\/#organization\"},\"potentialAction\":[{\"@type\":\"SearchAction\",\"target\":{\"@type\":\"EntryPoint\",\"urlTemplate\":\"https:\\\/\\\/www.mpbrandschutz.de\\\/?s={search_term_string}\"},\"query-input\":{\"@type\":\"PropertyValueSpecification\",\"valueRequired\":true,\"valueName\":\"search_term_string\"}}],\"inLanguage\":\"de\"},{\"@type\":\"Organization\",\"@id\":\"https:\\\/\\\/www.mpbrandschutz.de\\\/#organization\",\"name\":\"Security Services\",\"url\":\"https:\\\/\\\/www.mpbrandschutz.de\\\/\",\"logo\":{\"@type\":\"ImageObject\",\"inLanguage\":\"de\",\"@id\":\"https:\\\/\\\/www.mpbrandschutz.de\\\/#\\\/schema\\\/logo\\\/image\\\/\",\"url\":\"https:\\\/\\\/www.mpbrandschutz.de\\\/wp-content\\\/uploads\\\/2022\\\/03\\\/2022-03-10_14h20_57.png\",\"contentUrl\":\"https:\\\/\\\/www.mpbrandschutz.de\\\/wp-content\\\/uploads\\\/2022\\\/03\\\/2022-03-10_14h20_57.png\",\"width\":352,\"height\":91,\"caption\":\"Security Services\"},\"image\":{\"@id\":\"https:\\\/\\\/www.mpbrandschutz.de\\\/#\\\/schema\\\/logo\\\/image\\\/\"}}]}<\/script>\n<!-- \/ Yoast SEO plugin. -->","yoast_head_json":{"title":"Erstellen von Brandschutzordnungen - Security Services","robots":{"index":"index","follow":"follow","max-snippet":"max-snippet:-1","max-image-preview":"max-image-preview:large","max-video-preview":"max-video-preview:-1"},"canonical":"https:\/\/www.mpbrandschutz.de\/?page_id=1231","og_locale":"de_DE","og_type":"article","og_title":"Erstellen von Brandschutzordnungen - Security Services","og_description":"Erstellen von Brandschutzordnungen Schutzziele einer Brandschutzordnung Eine Brandschutzordnung soll dazu beitragen, die Entstehung von Br\u00e4nden in den einzelnen Bereichen zu verhindern bzw. deren Auswirkungen und Sch\u00e4den zu begrenzen.\u00a0 \u00a0Sie soll Mitarbeitern helfen, dass es im Betrieb niemals zu einem Brand kommt und dient als Unterst\u00fctzung der\u00a0 Brandverh\u00fctung durch strikte Beachtung, der in einer Brandschutzordnung festgelegten [&hellip;]","og_url":"https:\/\/www.mpbrandschutz.de\/?page_id=1231","og_site_name":"Security Services","article_modified_time":"2023-03-06T16:34:27+00:00","og_image":[{"url":"https:\/\/www.mpbrandschutz.de\/wp-content\/uploads\/2022\/03\/blueprints-entrepreneur-hands-1837238-1024x768.jpg","type":"","width":"","height":""}],"twitter_card":"summary_large_image","twitter_misc":{"Gesch\u00e4tzte Lesezeit":"3\u00a0Minuten"},"schema":{"@context":"https:\/\/schema.org","@graph":[{"@type":"WebPage","@id":"https:\/\/www.mpbrandschutz.de\/?page_id=1231","url":"https:\/\/www.mpbrandschutz.de\/?page_id=1231","name":"Erstellen von Brandschutzordnungen - Security Services","isPartOf":{"@id":"https:\/\/www.mpbrandschutz.de\/#website"},"primaryImageOfPage":{"@id":"https:\/\/www.mpbrandschutz.de\/?page_id=1231#primaryimage"},"image":{"@id":"https:\/\/www.mpbrandschutz.de\/?page_id=1231#primaryimage"},"thumbnailUrl":"https:\/\/www.mpbrandschutz.de\/wp-content\/uploads\/2022\/03\/blueprints-entrepreneur-hands-1837238-1024x768.jpg","datePublished":"2022-03-29T13:28:16+00:00","dateModified":"2023-03-06T16:34:27+00:00","breadcrumb":{"@id":"https:\/\/www.mpbrandschutz.de\/?page_id=1231#breadcrumb"},"inLanguage":"de","potentialAction":[{"@type":"ReadAction","target":["https:\/\/www.mpbrandschutz.de\/?page_id=1231"]}]},{"@type":"ImageObject","inLanguage":"de","@id":"https:\/\/www.mpbrandschutz.de\/?page_id=1231#primaryimage","url":"https:\/\/www.mpbrandschutz.de\/wp-content\/uploads\/2022\/03\/blueprints-entrepreneur-hands-1837238.jpg","contentUrl":"https:\/\/www.mpbrandschutz.de\/wp-content\/uploads\/2022\/03\/blueprints-entrepreneur-hands-1837238.jpg","width":1280,"height":960,"caption":"blueprints, entrepreneur, hands-1837238.jpg"},{"@type":"BreadcrumbList","@id":"https:\/\/www.mpbrandschutz.de\/?page_id=1231#breadcrumb","itemListElement":[{"@type":"ListItem","position":1,"name":"Startseite","item":"https:\/\/www.mpbrandschutz.de\/"},{"@type":"ListItem","position":2,"name":"Erstellen von Brandschutzordnungen"}]},{"@type":"WebSite","@id":"https:\/\/www.mpbrandschutz.de\/#website","url":"https:\/\/www.mpbrandschutz.de\/","name":"Security Services","description":"Your Trusted Security Services","publisher":{"@id":"https:\/\/www.mpbrandschutz.de\/#organization"},"potentialAction":[{"@type":"SearchAction","target":{"@type":"EntryPoint","urlTemplate":"https:\/\/www.mpbrandschutz.de\/?s={search_term_string}"},"query-input":{"@type":"PropertyValueSpecification","valueRequired":true,"valueName":"search_term_string"}}],"inLanguage":"de"},{"@type":"Organization","@id":"https:\/\/www.mpbrandschutz.de\/#organization","name":"Security Services","url":"https:\/\/www.mpbrandschutz.de\/","logo":{"@type":"ImageObject","inLanguage":"de","@id":"https:\/\/www.mpbrandschutz.de\/#\/schema\/logo\/image\/","url":"https:\/\/www.mpbrandschutz.de\/wp-content\/uploads\/2022\/03\/2022-03-10_14h20_57.png","contentUrl":"https:\/\/www.mpbrandschutz.de\/wp-content\/uploads\/2022\/03\/2022-03-10_14h20_57.png","width":352,"height":91,"caption":"Security Services"},"image":{"@id":"https:\/\/www.mpbrandschutz.de\/#\/schema\/logo\/image\/"}}]}},"_links":{"self":[{"href":"https:\/\/www.mpbrandschutz.de\/index.php?rest_route=\/wp\/v2\/pages\/1231","targetHints":{"allow":["GET"]}}],"collection":[{"href":"https:\/\/www.mpbrandschutz.de\/index.php?rest_route=\/wp\/v2\/pages"}],"about":[{"href":"https:\/\/www.mpbrandschutz.de\/index.php?rest_route=\/wp\/v2\/types\/page"}],"author":[{"embeddable":true,"href":"https:\/\/www.mpbrandschutz.de\/index.php?rest_route=\/wp\/v2\/users\/2"}],"replies":[{"embeddable":true,"href":"https:\/\/www.mpbrandschutz.de\/index.php?rest_route=%2Fwp%2Fv2%2Fcomments&post=1231"}],"version-history":[{"count":58,"href":"https:\/\/www.mpbrandschutz.de\/index.php?rest_route=\/wp\/v2\/pages\/1231\/revisions"}],"predecessor-version":[{"id":2538,"href":"https:\/\/www.mpbrandschutz.de\/index.php?rest_route=\/wp\/v2\/pages\/1231\/revisions\/2538"}],"wp:attachment":[{"href":"https:\/\/www.mpbrandschutz.de\/index.php?rest_route=%2Fwp%2Fv2%2Fmedia&parent=1231"}],"curies":[{"name":"wp","href":"https:\/\/api.w.org\/{rel}","templated":true}]}}